{"id":3514,"date":"2021-04-26T10:01:55","date_gmt":"2021-04-26T10:01:55","guid":{"rendered":"https:\/\/farmaciadebernardinis.it\/?page_id=3514"},"modified":"2021-04-26T10:01:55","modified_gmt":"2021-04-26T10:01:55","slug":"i-consigli","status":"publish","type":"page","link":"https:\/\/farmaciadebernardinis.it\/?page_id=3514","title":{"rendered":"I consigli"},"content":{"rendered":"<p>La Farmacia De Bernardinis di Avezzano \u00e8 all&#8217;avanguardia per tutto quello che riguarda la cura del viso e del coro e la consulenza dermocosmetica. Periodicamente nella sede storica di via Garibaldi dei consulenti sono a disposizione delle clienti per illustrare le novit\u00e0 dei vari brand e individuare i trattamenti pi\u00f9 adatti in base al tipo di pelle.<br \/>\n<img loading=\"lazy\" decoding=\"async\" class=\"alignleft size-medium wp-image-3534\" src=\"https:\/\/farmaciadebernardinis.it\/wp-content\/uploads\/2021\/04\/cristina-farmacia-1-1536x864-1-300x169.jpg\" alt=\"\" width=\"300\" height=\"169\" \/><\/p>\n<p>Nella giornata di consulenza organizzata in collaborazione con La Roche Posay si \u00e8 parlato del siero anti-rughe, ma anche dell\u2019acido ialuronico per viso e collo e dei concentrati che riparano e rimpolpano la pelle sensibile.<br \/>\nIdeali per contrastare rughe, perdita di elasticit\u00e0, colorito spento e segni di stanchezza.<\/p>\n<p>Grazie a una formula anti-et\u00e0 unica, arricchita con due tipi di Acido Ialuronico puro, Vitamina B5 e Madecassosside sono fondamentali per rimpolpare, riparare la barriera cutanea e favorire il rinnovamento dell\u2019epidermide. La pelle \u00e8 immediatamente rivitalizzata, elasticizzata, l\u2019incarnato appare fresco e luminoso. Le rughe e le linee sottili sono ridotte, la pelle appare rimpolpata, come rigenerata.<\/p>\n<p>La texture \u00e8 fresca e setosa. Adatto a tutti i tipi di pelle. Nickel controlled. E&#8217; necessario applicarlo mattina e sera su viso, collo e d\u00e9collet\u00e9. Prelevare una piccola quantit\u00e0 di prodotto e stenderla con movimenti lineari che seguono le linee del viso.<\/p>\n","protected":false},"excerpt":{"rendered":"<p>La Farmacia De Bernardinis di Avezzano \u00e8 all&#8217;avanguardia per tutto quello che riguarda la cura del viso e del coro e la consulenza dermocosmetica. Periodicamente nella sede storica di via Garibaldi dei consulenti sono a disposizione delle clienti per illustrare le novit\u00e0 dei vari brand e individuare i trattamenti pi\u00f9 adatti in base al tipo di pelle. Nella giornata di consulenza organizzata in collaborazione con La Roche Posay si \u00e8 parlato del siero anti-rughe, ma anche dell\u2019acido ialuronico per viso e collo e dei concentrati che riparano e rimpolpano la pelle sensibile. Ideali per contrastare rughe, perdita di elasticit\u00e0, colorito <\/p>\n","protected":false},"author":1,"featured_media":0,"parent":0,"menu_order":0,"comment_status":"closed","ping_status":"closed","template":"","meta":{"footnotes":""},"class_list":["post-3514","page","type-page","status-publish","hentry"],"_links":{"self":[{"href":"https:\/\/farmaciadebernardinis.it\/index.php?rest_route=\/wp\/v2\/pages\/3514"}],"collection":[{"href":"https:\/\/farmaciadebernardinis.it\/index.php?rest_route=\/wp\/v2\/pages"}],"about":[{"href":"https:\/\/farmaciadebernardinis.it\/index.php?rest_route=\/wp\/v2\/types\/page"}],"author":[{"embeddable":true,"href":"https:\/\/farmaciadebernardinis.it\/index.php?rest_route=\/wp\/v2\/users\/1"}],"replies":[{"embeddable":true,"href":"https:\/\/farmaciadebernardinis.it\/index.php?rest_route=%2Fwp%2Fv2%2Fcomments&post=3514"}],"version-history":[{"count":1,"href":"https:\/\/farmaciadebernardinis.it\/index.php?rest_route=\/wp\/v2\/pages\/3514\/revisions"}],"predecessor-version":[{"id":3535,"href":"https:\/\/farmaciadebernardinis.it\/index.php?rest_route=\/wp\/v2\/pages\/3514\/revisions\/3535"}],"wp:attachment":[{"href":"https:\/\/farmaciadebernardinis.it\/index.php?rest_route=%2Fwp%2Fv2%2Fmedia&parent=3514"}],"curies":[{"name":"wp","href":"https:\/\/api.w.org\/{rel}","templated":true}]}}