{"id":3513,"date":"2021-04-26T09:43:54","date_gmt":"2021-04-26T09:43:54","guid":{"rendered":"https:\/\/farmaciadebernardinis.it\/?page_id=3513"},"modified":"2021-04-26T09:45:48","modified_gmt":"2021-04-26T09:45:48","slug":"i-servizi","status":"publish","type":"page","link":"https:\/\/farmaciadebernardinis.it\/?page_id=3513","title":{"rendered":"I servizi"},"content":{"rendered":"<p>Alla Farmacia De Bernardinis di Avezzano \u00e8 possibile eseguire l\u2019elettrocardiogramma in sicurezza, con il supporto di personale qualificato e ottenere i risultati nel giro di poche ore. L\u2019elettrocardiogramma pu\u00f2 essere eseguito sui bambini ma anche sugli adulti, nei locali della farmacia, in via Garibaldi al civico 114, ad Avezzano, evitando cos\u00ec le file che spesso si \u00e8 costretti a fare usufruendo del servizio in strutture pubbliche.<\/p>\n<p><img loading=\"lazy\" decoding=\"async\" src=\"https:\/\/farmaciadebernardinis.it\/wp-content\/uploads\/2021\/04\/farmacia-de-bernardinis-test-300x225.jpg\" alt=\"\" width=\"300\" height=\"225\" class=\"alignleft size-medium wp-image-3516\" \/><\/p>\n<p>In mattinata la chiamata sar\u00e0 presa in carico da un\u2019infermiera professionale, altrimenti nel pomeriggio sar\u00e0 a disposizione lo staff specializzato della farmacia De Bernardinis. L\u2019esito dell\u2019esame diagnostico sar\u00e0 sottoposto e refertato da un medico cardiologo di un centro convenzionato con la farmacia. Entro 24 ore il cliente potr\u00e0 tornare per ritirarlo in tutta comodit\u00e0. <\/p>\n<p>Un servizio cui si aggiungono altri esami per imaging che \u00e8 possibile eseguire direttamente in farmacia come l\u2019ecocardiogramma e l\u2019holter pressorio che consentir\u00e0 di tenere monitorato il ritmo cardiaco attraverso un apparecchio che dovr\u00e0 essere indossato per un\u2019intera giornata, cos\u00ec da registrare automaticamente, ogni 15 minuti di giorno e ogni 30 minuti di notte, la pressione sanguigna.<\/p>\n<p>Alla Farmacia De Bernardinis di Avezzano, grazie agli esercizi che hanno aderito al progetto realizzato dalla Regione Abruzzo insieme a Federfarma per la ricerca di anticorpi specifici Sars Cov-2 (test seriologico su sangue capillare ottenuto per puntura sul polpastrello), \u00e8 possibile effettuare test seriologici e tamponi antigenici<\/p>\n<p>Il test sierologico si effettua partendo da un prelievo di sangue venoso, tramite una piccola puntura sul polpastrello. Il sangue viene analizzato per misurare la quantit\u00e0 e le tipologie degli anticorpi (immunoglobuline).<\/p>\n<p>Come indicato dall\u2019Istituto Superiore di Sanit\u00e0, il test antigenico rapido \u00e8 uno strumento utile soprattutto per le indagini di screening e laddove servano in poco tempo indicazioni per le azioni di controllo. A differenza dei test molecolari, i test antigenici rilevano la presenza del virus non tramite il suo acido nucleico (RNA) ma tramite le sue proteine (antigeni). L\u2019affidabilit\u00e0 non \u00e8 ancora paragonabile a quella dei test molecolari e la positivit\u00e0 in alcuni contesti pu\u00f2 richiedere la conferma del test molecolare.<\/p>\n<p>La Farmacia De Bernardinis offre poi la misurazione della pressione arteriosa, un servizio fondamentale che permette di monitorare i parametri che restituiscono il quadro della salute del sistema cardiovascolare. Misurare la pressione \u00e8 un\u2019importante attivit\u00e0 di prevenzione nei confronti di pericolose patologie causate dall\u2019ipertensione.<\/p>\n","protected":false},"excerpt":{"rendered":"<p>Alla Farmacia De Bernardinis di Avezzano \u00e8 possibile eseguire l\u2019elettrocardiogramma in sicurezza, con il supporto di personale qualificato e ottenere i risultati nel giro di poche ore. L\u2019elettrocardiogramma pu\u00f2 essere eseguito sui bambini ma anche sugli adulti, nei locali della farmacia, in via Garibaldi al civico 114, ad Avezzano, evitando cos\u00ec le file che spesso si \u00e8 costretti a fare usufruendo del servizio in strutture pubbliche. In mattinata la chiamata sar\u00e0 presa in carico da un\u2019infermiera professionale, altrimenti nel pomeriggio sar\u00e0 a disposizione lo staff specializzato della farmacia De Bernardinis. L\u2019esito dell\u2019esame diagnostico sar\u00e0 sottoposto e refertato da un medico <\/p>\n","protected":false},"author":1,"featured_media":0,"parent":0,"menu_order":0,"comment_status":"closed","ping_status":"closed","template":"","meta":{"footnotes":""},"class_list":["post-3513","page","type-page","status-publish","hentry"],"_links":{"self":[{"href":"https:\/\/farmaciadebernardinis.it\/index.php?rest_route=\/wp\/v2\/pages\/3513"}],"collection":[{"href":"https:\/\/farmaciadebernardinis.it\/index.php?rest_route=\/wp\/v2\/pages"}],"about":[{"href":"https:\/\/farmaciadebernardinis.it\/index.php?rest_route=\/wp\/v2\/types\/page"}],"author":[{"embeddable":true,"href":"https:\/\/farmaciadebernardinis.it\/index.php?rest_route=\/wp\/v2\/users\/1"}],"replies":[{"embeddable":true,"href":"https:\/\/farmaciadebernardinis.it\/index.php?rest_route=%2Fwp%2Fv2%2Fcomments&post=3513"}],"version-history":[{"count":2,"href":"https:\/\/farmaciadebernardinis.it\/index.php?rest_route=\/wp\/v2\/pages\/3513\/revisions"}],"predecessor-version":[{"id":3521,"href":"https:\/\/farmaciadebernardinis.it\/index.php?rest_route=\/wp\/v2\/pages\/3513\/revisions\/3521"}],"wp:attachment":[{"href":"https:\/\/farmaciadebernardinis.it\/index.php?rest_route=%2Fwp%2Fv2%2Fmedia&parent=3513"}],"curies":[{"name":"wp","href":"https:\/\/api.w.org\/{rel}","templated":true}]}}